+ d**3 + 12*d**2 - 6*d - 10*d**2. Calculate i(j).
-2
Let r(v) = -2*v + 9. Let b(d) = -d**3 + 4*d**2 + 7*d + 1. Let j be b(5). Let a = j - 5. What is r(a)?
-3
Let m = -124/3 - -42. Let g(b) be the third derivative of 5/24*b**4 - m*b**3 + 0*b + 1/30*b**5 - 1/120*b**6 + 0 + b**2. Calculate g(3).
2
Let d(b) be the third derivative of -b**5/60 + 3*b**4/8 + b**3/2 + 28*b**2. Calculate d(10).
-7
Suppose 0 = -3*i + 16 - 4. Suppose 3*s - 5*h - 1 = 2*s, -2*h = -i*s + 22. Let w(b) = -b + 2. Determine w(s).
-4
Let k(j) = -182*j + 369*j - 210*j. Determine k(-1).
23
Let h(v) be the second derivative of v**4/12 - v**3/2 - 7*v**2/2 + 3*v. Let c be 80/12*6/4. Suppose 0 = 5*x - 3*x - c. Determine h(x).
3
Let c(s) = -s + 5. Let x = 76 + -64. Give c(x).
-7
Suppose -2*s + y = 4*y, -22 = -s + 4*y. Let z(g) = g**2 - 4*g - 6. Determine z(s).
6
Let i(b) = -b**2 - 6*b + 8. Let p = 64 + -70. Calculate i(p).
8
Let s(x) be the first derivative of -2*x**2 + 2 - 1/4*x**4 + 5/3*x**3 - x. Let m = 6 - 3. Determine s(m).
5
Let v(r) = r**2 + 9*r + 5. Let b be v(-8). Let w be 4*(b + (-45)/(-12)). Let z(t) = 0*t**2 + 4*t**2 - 4*t**w - 3*t**2 - 1. What is z(1)?
-4
Let f(l) = -2*l**3 + 2*l - 1. Let y(r) = -r**3 + r + 1. Let i(v) = -f(v) + y(v). Suppose 3*w = 1 - 19. Let d = w - -4. Give i(d).
-4
Let k(w) = -w**2 + 10*w - 17. Let s be k(8). Let a(n) = -n**2. Determine a(s).
-1
Suppose 1 = -2*n - 3, 3*h - 3*n = -9. Let d(u) = 5*u. Let a(w) = -6*w. Let c(q) = -6*a(q) - 7*d(q). Determine c(h).
-5
Let q(p) = 7 - 5 + 5 + 6*p**2 - 2*p**3 + p**3. Calculate q(6).
7
Let z(i) = i - 5. Suppose 0 = 3*w - 7 - 11. What is z(w)?
1
Let k(u) = u - 2. Suppose 2*g - 120 = -2*g. Let y be -1*(-7)/((-21)/g). Let c = y - -6. Determine k(c).
-6
Let q(y) = 0*y**3 - 4 - 9*y**2 - 2*y**3 + 3*y + 0. Let f(m) = m**2 - m + 1. Let i(v) = 5*f(v) + q(v). Calculate i(-2).
5
Let g(t) = 3*t + 8. Let s(u) = -8*u - 25. Let w(b) = 11*g(b) + 4*s(b). Calculate w(0).
-12
Let z(c) = 2*c**3 - 1. Let p = 6 - 1. Suppose -p*s + 5 = -0*s. Determine z(s).
1
Let m(c) be the first derivative of -2/3*c**3 + 0*c - 1/2*c**2 + 1. Determine m(-1).
-1
Let m be (-1 + 3 + 0)*6. Let k be (-4)/m*-3*2. Let w(i) = -i**2 + i - 1. Give w(k).
-3
Suppose 7*v - 2*v = -35. Let y(t) = 2*t + 9. Determine y(v).
-5
Let d(s) = -3 - 2*s + 7*s - 3*s**2 + 4*s**2 - 2*s**2. Calculate d(5).
-3
Let l = 8 - -1. Let s(v) = -4*v**2 - 4 + l + v**2 + v**3 - 3*v. Calculate s(4).
9
Let b(w) be the second derivative of -w**6/120 - w**5/30 + w**4/24 - 2*w**3/3 + w**2 - 3*w. Let j(r) be the first derivative of b(r). What is j(-3)?
2
Let p = -23 + 31. Let r(k) = 1 + k - p - 3. Give r(0).
-10
Let a(h) = h**3 - 8*h**2 + 8*h - 2. Let m(z) = -z**2 + z. Let t(c) = a(c) - 3*m(c). Let w be t(4). Let o(v) = 1 - v - 4*v**w - v + 3*v. What is o(-1)?
-4
Let h(w) = -8*w**2 - w. Let p be ((-1)/(-2))/((-3)/(-6)). Let x be p - -1 - 4 - -5. Suppose m + 4 - x = 0. Give h(m).
-7
Let o(a) be the third derivative of a**4/8 - a**3/2 + 13*a**2. What is o(3)?
6
Let c be 10*(2 - 1)*35/35. Suppose -n + 13 = 2*q, -q = 4*q - 4*n. Suppose q*b = r - 8, -4*b = -2*r - 2*b + c. Let k(z) = -z**2 + 3*z - 4. Calculate k(r).
-8
Let i = 6 - 3. Suppose 0*t = -t + i. Let p(b) = b**3 - b - 3*b**2 - 3*b + b**2. Determine p(t).
-3
Let d(u) = u**2 - 4*u + 2. Suppose 2*t + 5*n - 26 = 0, 2*t = 2*n - 5*n + 18. Let j be d(t). Let k(y) = -9*y**2 + y. Give k(j).
-10
Let u(n) = 3 + 0*n - 8*n + 4*n. Let d(q) = -q**3 - 4*q**2 - q - 2. Let c be d(-4). Calculate u(c).
-5
Let a(d) = 7*d**2 - 2*d - 1. Suppose 4*c + c + 5 = -z, -2*z - 5 = 5*c. Determine a(c).
8
Let t(n) = -n**2 + 3*n + 4. Suppose h + 2*h + 3 = -4*x, -3*x = 2*h + 3. Let p be h/(12/(-2))*-6. What is t(p)?
4
Let s be (2/6)/(9/54). Suppose -2*z = s - 0. Let b(n) be the third derivative of -n**6/24 + n**5/30 + n**4/12 + n**3/6 + n**2. Determine b(z).
6
Let r(n) = -8*n - 1. Suppose -j = -1, -2*z + 3*j + 1 = 2. What is r(z)?
-9
Let w(a) be the second derivative of a**3/6 + 3*a**2/2 - 4*a. Suppose -16 = 2*z - 0*z + 2*c, 3*c = z - 12. Calculate w(z).
0
Let n(s) = s**3 + 18*s**2 - 39*s + 22. Let r be n(-20). Let y(l) be the first derivative of -1/2*l**r - l + 3 + l**3. Determine y(2).
9
Let p(x) be the first derivative of 3 + 1/2*x**2 + 3*x. What is p(0)?
3
Let r be (-2)/(-1) + (-2)/2. Let c = -4 + r. Let s(g) = 3*g + 3*g**2 + 3*g**2 + g**3 - 3 - g**2 - g**2. Give s(c).
-3
Let t(b) = b**2 - 1. Let q be t(2). Let k(o) = -o**3 + 2*o**2 + 2*o + 2. Calculate k(q).
-1
Let s(b) be the second derivative of 0 - 5/2*b**3 + 0*b**2 - 5*b. What is s(-1)?
15
Suppose -f = f - 6. Let o(l) = l**2 - 3*l - 4. Determine o(f).
-4
Let t(s) = s**2 + 6. Let w be t(0). Let a be (-5)/15 + 2/w. Let g(y) = 2 + 2*y + a*y + 1 - y**2. What is g(-2)?
-5
Let y(d) = -4*d**3 + 4*d**2 - 4. Let r(s) = 11*s**3 - 12*s**2 + s + 11. Let g(q) = -3*r(q) - 8*y(q). Suppose -2*n - 3*n + 15 = 0. Determine g(n).
-1
Let r(p) be the second derivative of -p**5/20 + p**3/2 - 36*p. Determine r(-3).
18
Let g be 3 + -2 + 1/1. Let w(p) = p**3 - 2*p + 3. Determine w(g).
7
Let w(s) = -2*s - 6. Let t = -20 - -15. Determine w(t).
4
Let i(a) = -a - 8. Let j = -4 - -4. Suppose -3*p + 4*c = -j + 4, 4*p + 26 = -5*c. Give i(p).
-4
Let w = -6 + 7. Let l(m) = -3 + w - 3*m - 2*m**2 + 2 - 3. Calculate l(-2).
-5
Let h(b) = -b**2 - 4. Let j be 0 + -1*(-5 + 8). Calculate h(j).
-13
Let t(u) = u + 10. Let c be -4 - -5 - (5 - -1). Calculate t(c).
5
Let s(b) = b + 3. Let i(z) = -z + 2. Let o be (-15)/(2 + 1) - -2. Let n be i(o). Suppose -n*f - 9 = -5*g + 16, f + 7 = 2*g. Determine s(f).
0
Let x(o) be the second derivative of -o**4/2 - o**3/6 + 3*o. Give x(1).
-7
Let u = -6 + 8. Let o(q) = -q + 0 + u - 4 + 0. Suppose x - 13 = -3*y, -2*y + 3*y = x + 7. Calculate o(y).
-7
Let g(y) be the third derivative of y**6/120 - y**5/15 - 7*y**4/24 + y**3 - 5*y**2. Calculate g(5).
-4
Suppose -2 = -5*v - 12. Let q be 15/(-6)*-2 + -2. Let f(b) = 2 + 18*b + b**q - 26*b + 10*b. Determine f(v).
-10
Let y(s) be the first derivative of -s**4/4 - 4*s**3/3 + 3*s**2 + 2*s - 35. Calculate y(-5).
-3
Let f(m) be the second derivative of 2*m + 0 + 1/3*m**3 - 1/2*m**2. Give f(1).
1
Let n(l) = -l**2 - 6*l + 1. Let f(k) = 106 - 111 + 10*k**2 - 8*k - k - k**3. Let z be f(9). Determine n(z).
6
Let f be 0 + (-2)/2*-4. Let d(n) = -n**3 + 3*n**2 + 6*n - 3. Give d(f).
5
Let l(u) = -u**3 + 2*u**2 + 2*u. Suppose 0 = 5*v - 0 - 40. Suppose -h = -3*n + v, 2*n = -h - h. What is l(n)?
4
Let m(y) = -14*y**2 + 11*y + 15. Let l(h) = -5*h**2 + 4*h + 5. Let o(r) = -11*l(r) + 4*m(r). What is o(0)?
5
Let f(n) = -n**2 - 3*n - 3. Let j be f(-2). Let m = -4 + j. Let d(w) = w**2 + 6*w + 5. Calculate d(m).
0
Suppose -u = 3*u + 16. Let b(c) = -c**2 - 4*c - 3. Determine b(u).
-3
Let z(m) = -2*m + 1. Let a(i) = i. Let d(y) = a(y) + z(y). Let f(o) = o + 16. Let b(c) = c + 15. Let j(t) = 4*b(t) - 3*f(t). Let r be j(-7). Give d(r).
-4
Let a = 47 - 45. Let k(f) = -f**2 + 2. Calculate k(a).
-2
Suppose 0*q + 5*q = 10. Let r(m) = 8*m + q*m - m + 3 + 3*m**3 - 8*m**2. Let x(d) = 4*d**3 - 12*d**2 + 14*d + 5. Let c(g) = -7*r(g) + 5*x(g). Give c(-5).
-6
Let w(q) = -q**3 + 15*q**2 + 35*q - 13. Let h be w(17). Let j(s) = -2 + 3*s**2 + 4*s + 7 - 4*s**2. What is j(h)?
5
Let n(h) = -2*h + 2. Let p be (0 - 2)*4/(-8). Let l be p - (-1 + 0)*2. Suppose -j - 2*j - l*i + 21 = 0, 4 = i. Determine n(j).
-4
Let v(f) = 3*f + 6. Let o be 2/6 - (-46)/6. Suppose 5*r + 5*g + 18 = -2, g = 3*r - o. Let c(i) = -5*i**2 + 2*i - 1. Let q be c(r). What is v(q)?
-6
Let f(m) be the second derivative of m**4/12 - m**3/3 - m**2 - 5*m. Give f(3).
1
Let d(t) = -t**2 + 5*t + 1. Let o(q) = -q**3 + 6*q**2 + 5. Let a be o(6). Calculate d(a).
1
Let m(n) = 0*n**3 - n**3 - 2 - n - 1 - n**2. Suppose 0 = -h + 2*h - 2, 10 = -3*k + 5*h. What is m(k)?
-3
Let z be (-4 + (-28)/(-6))*6. Let y(a) = 2*a - 5. Give y(z).
3
Let t(y) be the second derivative of -y**3/6 - y - 2. What is t(0)?
0
Let w(r) = 9*r**2 + r. Let m be w(-1). Let l(n) = -n**2 + 8*n + 1. Calculate l(m).
1
Let d(g) = -g. Let z be d(-4). Let m be (-525)/(-189) - 2/(-9). Let v(s) = 4*s**2 - 3*s**m - 2*s**3 + 0*s + 4*s**3 - 5 + 2*s. Give v(z).
3
Let f(w) = w**2 + 1. Let i(u) be the third derivative of u**5/30 + u**4/24 - 2*u**3/3 + 10*u**2. Let d(p) = -3*f(p) - i(p). Give d(1).
-5
Let l be 198/(-